
Let x(t) = 40*t**3 + 2*t**2 - 3*t + 1. List the prime factors of x(1).
2, 5
Suppose -8 = -6*d + 2*d. Suppose 3*q = 2*a - 6, 5*a - d*a - 9 = 3*q. Suppose q*p = -5*p + 75. List the prime factors of p.
3, 5
Let y(j) = j**2 + 5*j + 5. Let x be y(-6). Suppose 12 = 6*b - 2*b - 3*v, -5*v = -5*b + 10. Let a = x - b. What are the prime factors of a?
5
Let w = -12 - -17. Let f = -2 + 5. Suppose -f*g - p = -39, -g + w*p + 26 = p. List the prime factors of g.
2, 7
Suppose -4*i - 3*o - 16 = o, i + 5*o = 16. List the prime factors of (-6)/3 - (i + 1).
2, 3
Let r = -3 - -23. Suppose -3*h + r + 1 = 0. What are the prime factors of h?
7
Suppose -2*l + 31 = -45. What are the prime factors of l?
2, 19
What are the prime factors of 0 + 15 + -3 - 3?
3
Suppose 2*u - 2 = 0, -10 = -4*d + 3*u - 5*u. Let k = d - -2. Suppose 2*y - k*o = 8, 5*o + 4 + 12 = 3*y. What are the prime factors of y?
2, 3
Let s(j) = -j + 1. Let f(p) = p. Let g be 75/(-27) - (-2)/(-9). Let z(m) = g*f(m) - s(m). What are the prime factors of z(-3)?
5
Let g(w) = w**2 - 2*w - 3. Let k be g(4). Suppose -6*n = -k*n - 23. List the prime factors of n.
23
Let r(d) = -2*d + 11. List the prime factors of r(-7).
5
Suppose 0*q = 3*q - 5*f - 51, 3*q + 4*f = 51. What are the prime factors of q?
17
Suppose 156 + 149 = 5*x. List the prime factors of x.
61
Let d = -25 - -25. Suppose 5*v + 5 - 120 = d. List the prime factors of v.
23
Suppose 3*t + 8 = 2*z - 2, -10 = -2*z. Suppose t*b + 5*b + 10 = 0. Let n(g) = -4*g - 2. What are the prime factors of n(b)?
2, 3
Let a(h) be the second derivative of h**4/6 + 5*h**3/6 + h**2/2 - h. List the prime factors of a(-4).
13
Suppose -8 = -2*l + 2. Let j(w) = -w**3 + 5*w**2 - 4*w + 5. Let d be j(4). Suppose 53 = l*t + 2*g, -4*t = t + d*g - 50. List the prime factors of t.
11
Suppose -3*h = 5*a - 951, 189 = a + h - 0*h. What are the prime factors of a?
2, 3
Let s(u) = 2*u**2 - 20*u + 51. List the prime factors of s(15).
3, 67
Let r be 2/(-5) - (-204)/10. Let w = r + -11. What are the prime factors of w?
3
Suppose 1 + 4 = r. Suppose b = -r*c - 29, 0*b - b - 11 = 2*c. Let o = 1 - c. List the prime factors of o.
7
Let w = -5 - -39. List the prime factors of w.
2, 17
Suppose 5*l - 4*f + 31 = 0, 0 = -3*l - 0*l - 2*f - 1. Let z be 1*l*(-3 - -2). Suppose 8 = 2*a - h, 2*a + z*h + 5 = -3. List the prime factors of a.
2
Suppose -5*c + 8 = -2. Suppose 0 = 2*g - 5*k - 20, -c*k + 27 = -5*g + 77. List the prime factors of g.
2, 5
Let v(u) = -u**3 - 12*u**2 + 9*u - 18. Let y = -41 - -28. What are the prime factors of v(y)?
2, 17
Let g(j) = 3*j**3 - 5*j**2 + 3*j - 2. Suppose -x - n = 2*x - 9, -x - 3*n = -3. Let f be g(x). Let k = f - 28. List the prime factors of k.
3, 5
List the prime factors of -4 + (-68)/(-1) + 3.
67
Let d be (3/(-6))/(1/(-8)). Suppose 5*k = -5*p + 30, -24 = p - k - d*k. Let t(w) = 7*w + 1. List the prime factors of t(p).
2
List the prime factors of (2 - (-24)/(-15)) + (-78)/(-5).
2
Let k(p) = p**3 + 8*p**2 + p + 8. Let v be k(-8). Suppose v = -0*m + 4*m + 2*q - 4, -5*m = q - 2. Suppose m = -y + 8 - 0. What are the prime factors of y?
2
Suppose -5*n + 21 = -4*n. Let j = -4 + n. What are the prime factors of j?
17
Let k(d) be the second derivative of d**5/20 - 7*d**4/12 + 2*d**3/3 - 2*d**2 - 2*d. Let p be k(6). List the prime factors of (1/2)/((-2)/p).
2
Let p(j) = -j**2 - 9*j + 10. Let n be p(-8). Suppose 3*d - 144 = -d. Let h = d - n. What are the prime factors of h?
2, 3
Suppose 6*c = 465 - 27. List the prime factors of c.
73
Let k be (5 - 1) + 2 + 0. Suppose -k - 9 = -r. What are the prime factors of (-2)/10 + 168/r?
11
Let k(q) = -q**2 - 2*q - 2. Let u be k(-3). Let w = u - -7. Suppose 4*h = -3*s + w, 4*s - 5*h + 5 = 18. List the prime factors of s.
2
Let v = -8 + 5. Let r = v + 7. Suppose l - 12 = -j, -5*j + 87 = r*l - 8*l. List the prime factors of j.
3, 5
List the prime factors of 8 + (0 - 3 - 1).
2
Suppose -2*v + 19 + 37 = 0. Let p = 49 - v. Suppose p = -o + 4*o. What are the prime factors of o?
7
Let n(c) = -c**3 - 3*c**2 + 3. Let b be n(-3). Suppose h - 38 = -b*x, 0 = -6*x + x - 4*h + 54. What are the prime factors of x?
2, 7
Let f = -2 - -6. Suppose 4*u = -i + 3*u + 5, -4*u = -f*i - 12. Let o = i - -5. What are the prime factors of o?
2, 3
Suppose -3*c = y + 2*y - 3, -2*y + 6 = 3*c. What are the prime factors of y/(-21) - 530/(-14)?
2, 19
Let g(i) be the third derivative of 0*i - 1/60*i**5 + 5/24*i**4 + 0 - 3*i**2 + i**3. What are the prime factors of g(5)?
2, 3
Let h = -23 + 12. What are the prime factors of 202/22 + 2/h?
3
Let s = 8 + 20. List the prime factors of s.
2, 7
Suppose -69 = 4*g - 7*g. Suppose 67 - g = 4*h. List the prime factors of (-8)/(-5)*(h - 6).
2
Suppose -7*p + 278 = 2*v - 4*p, -2*p - 139 = -v. What are the prime factors of v?
139
Let m(f) = f**2 + 9*f. What are the prime factors of m(-15)?
2, 3, 5
List the prime factors of 260 + -1 + (1 - 1) + 1.
2, 5, 13
Let o(a) = 3*a**2 - 8*a + 5. Let c be o(6). Suppose 0 = 4*m + 1 - c. List the prime factors of m.
2
Let q be (6 + 2)*(-1)/(-2). Let v(b) = b + b - q*b. List the prime factors of v(-6).
2, 3
Let r(f) be the second derivative of -f**5/20 - 13*f**4/12 - 11*f**3/6 + 15*f**2/2 + f. Let g = -16 - -4. List the prime factors of r(g).
3
Let l be 20/(-15)*(1 - 16). Suppose 3*b = -2*x + 24, 2*b = 4*x + b - l. Suppose 0 = -2*p - 5*h + 10, -p - 54 = -x*p + 2*h. List the prime factors of p.
2, 5
Suppose -9 = -2*y + 5*y, -24 = -5*x - 2*y. What are the prime factors of x?
2, 3
Suppose 2*u - 2*b - 126 = 0, 2*u = -0*u - 3*b + 111. What are the prime factors of u/8*8/5?
2, 3
Let u(j) = 26*j**3 + j. Suppose -9 = y + 5*x, -2*y - 4*x - 5 = y. List the prime factors of u(y).
3
Suppose -3 = -3*l + 12. Suppose 5 = -5*i - l*q, -3*i = -0*i + 4*q + 4. Suppose -4*a + a + 15 = i. What are the prime factors of a?
5
Let m(z) = 2*z**2 - 21*z + 1. Let l(b) = b**2 - 11*b. Let q(i) = 5*l(i) - 3*m(i). List the prime factors of q(4).
13
Let t be 162 - (2 - 2)/3. List the prime factors of (-4)/(-14) + t/21.
2
Suppose -4*b = -0*b - o, -1 = 3*b - o. Suppose 0*l + l = -b, -2*t + 3*l + 17 = 0. What are the prime factors of t?
7
Let n be 4/3*3/(-1). Let q = 6 + n. Suppose -y = -i - 4 - 4, 0 = q*y - 3*i - 14. What are the prime factors of y?
2, 5
Let y = -19 + 22. Suppose 0 = y*g - 2 - 22. List the prime factors of g.
2
List the prime factors of ((-8)/24*-1)/(1/123).
41
Let w(p) = -p**3 + 9*p**2 + 18*p + 6. What are the prime factors of w(10)?
2, 43
Suppose 0 = -0*i - i + 2*d - 8, 3*d = -2*i + 5. What are the prime factors of (i - -12)/(-2 + 3)?
2, 5
Let a = 21 - 11. Suppose 3*u = u - 4*n + a, -u = -3*n - 15. List the prime factors of u.
3
Let g(u) = -17*u + 6. Let a be g(-6). Suppose a = 3*x + x. List the prime factors of x.
3
Suppose -16 = -2*w + 12. Let j = -7 + w. List the prime factors of j.
7
Let a = -7 + 22. List the prime factors of a + 1 - (0 + 3).
13
Let o be 1 + (-3 - -1) + 3. Suppose -4*r = -2*m - 12, o*r + 2*m = -3*r + 24. Suppose 4*n - r*g = -0*g + 64, -5*n + 45 = 2*g. List the prime factors of n.
11
Let u = -107 - -75. Let d = u + 47. List the prime factors of d.
3, 5
Suppose -3*g + 43 = -5*o + 8, -4*g = 20. What are the prime factors of (-3)/(1*3/o)?
2, 5
Let x be (4/(-8))/(1/44). Let w = -13 - x. List the prime factors of w.
3
Suppose -5*l + 32 = 7. Suppose -5*p - 60 = -l*f, 3*f + 0*f = p + 42. What are the prime factors of f?
3, 5
Suppose -34 = 2*x - 3*x + 4*u, -9 = 3*u. Let k = x + 6. What are the prime factors of k?
2, 7
Let n(f) = f**3 - 6*f**2 + 5*f + 7. Suppose -4*p + 3*p + 5 = 0. Let q be n(p). Suppose -3*c + 2*k = -q, 4*k - 23 = -2*c + 3. List the prime factors of c.
5
Suppose -4*u + 2*n = -150, 3*u - 53 - 59 = n. List the prime factors of u.
37
Suppose -5*u + 10 = -0. Suppose -u*h + h = -8. What are the prime factors of h?
2
Let n(v) = -v + 10*v**2 + 3*v**2 + 2*v**2. Let m be n(1). Let a = 24 - m. List the prime factors of a.
2, 5
Suppose 0*h + 2*c + 46 = -3*h, 0 = 3*h - 4*c + 16. Let s = 3 + 17. Let b = s + h. What are the prime factors of b?
2
Let k = -10 - -12. Suppose -4*b = 5*s + b - 65, 42 = 2*s - k*b. What are the prime factors of s?
17
Suppose 100 + 746 = 3*i. What are the prime factors of i?
2, 3, 47
Let v = 118 + -75. List the prime factors of v.
43
Suppose 11 = 5*f - 74. Let r = f + -9. Let n 